{"id":729,"date":"2017-05-15T17:53:02","date_gmt":"2017-05-15T15:53:02","guid":{"rendered":"http:\/\/kommunitaet-grimnitz.de\/?page_id=729"},"modified":"2024-07-27T13:55:25","modified_gmt":"2024-07-27T11:55:25","slug":"spenden-an-die-kommunitaet","status":"publish","type":"page","link":"http:\/\/kommunitaet-grimnitz.de\/?page_id=729","title":{"rendered":"Spenden f\u00fcr unsere Arbeit"},"content":{"rendered":"<p>Sie k\u00f6nnen unsere Arbeit finanziell unterst\u00fctzen. Geben Sie bitte den Zweck Ihrer Zuwendung an (z.B. Kirchenasyl, Fl\u00fcchtlingsarbeit, Gemeinwesenarbeit,&#8230;)<\/p>\n<p>Kontodaten der Kommunit\u00e4t: IBAN DE98 1009 0000 3692 1470 05<\/p>\n<p>&nbsp; &nbsp; &nbsp; &nbsp; &nbsp; &nbsp; &nbsp; &nbsp; &nbsp; &nbsp; &nbsp; &nbsp; &nbsp; &nbsp; &nbsp; &nbsp; &nbsp; &nbsp; &nbsp; &nbsp; &nbsp; &nbsp; &nbsp; &nbsp; BIC: BEVODEBB<\/p>\n<p><em>F\u00fcr eine Spendenbescheinigung vergessen Sie bitte nicht Ihre Adresse bei der \u00dcberweisung. Wenn Sie uns Ihre Emailadresse<\/em><em> mitteilen, k\u00f6nnen wir Ihnen umweltschonend und kosteng\u00fcnstig die Spendenbescheinigung zumailen.<\/em><\/p>\n<p>&nbsp;&nbsp;&nbsp;&nbsp;&nbsp;&nbsp;&nbsp;&nbsp;&nbsp;&nbsp;&nbsp;&nbsp;&nbsp;&nbsp;&nbsp;&nbsp;&nbsp;&nbsp;&nbsp;&nbsp;&nbsp;&nbsp;&nbsp;&nbsp;&nbsp;&nbsp;&nbsp;&nbsp;&nbsp;&nbsp;&nbsp;&nbsp;&nbsp;&nbsp;&nbsp;&nbsp;&nbsp;&nbsp;&nbsp;&nbsp;&nbsp;&nbsp;&nbsp;&nbsp;&nbsp;&nbsp;&nbsp;&nbsp;&nbsp;&nbsp;&nbsp;&nbsp;&nbsp;&nbsp;&nbsp; Vielen Dank!<\/p>\n<form action=\"https:\/\/www.paypal.com\/cgi-bin\/webscr\" method=\"post\" target=\"_top\"><input name=\"cmd\" type=\"hidden\" value=\"_s-xclick\"><br \/>\n<input name=\"encrypted\" type=\"hidden\" value=\"-----BEGIN PKCS7-----MIIHkAYJKoZIhvcNAQcEoIIHgTCCB30CAQExggEwMIIBLAIBADCBlDCBjjELMAkGA1UEBhMCVVMxCzAJBgNVBAgTAkNBMRYwFAYDVQQHEw1Nb3VudGFpbiBWaWV3MRQwEgYDVQQKEwtQYXlQYWwgSW5jLjETMBEGA1UECxQKbGl2ZV9jZXJ0czERMA8GA1UEAxQIbGl2ZV9hcGkxHDAaBgkqhkiG9w0BCQEWDXJlQHBheXBhbC5jb20CAQAwDQYJKoZIhvcNAQEBBQAEgYA3zP\/kSYSSoSYBNvjudqicIDjGqQgUy4dE8TAIhf4xl0vk1s8122XAAkh3vb64LOGSFojVz5Z1V4m1rcrrG8izpp5+B5T+HC\/kpU89JJIQ0AlNMwKH8AyjAyjf+L4ptblzc2yqMmxhqBiw15NHj++sAtbiXexam48nIPE4V01NQzELMAkGBSsOAwIaBQAwggEMBgkqhkiG9w0BBwEwFAYIKoZIhvcNAwcECApQSEW\/hRk5gIHo3ELTcnGfXgul+l2P02qJDq9MPDMMk2ROZMzSCsadP44Jd\/kIyHijg2v3u2gtN2DO0Z6t6fXAMUqrxnBtLOV5+bnxXT1S5HKKNqPnbFZ+NLjiKVXTEiqD5cYaGhLQLvO1eVKr57K9IXdVZ1agWrK5DSGhMeDUVOcp0DrqcrjlWwZPsz5Sg0fSNomZS9VNhLo3dUd4xOYltDW6pXgjXeIgQTqd\/A3UMwEAENc9KxsAUhrjo\/zly+SPWKZVGWTAbTgcm30snUmOJlk0QkUazBk201SVV+PSYfQPIQweumdp\/l8mQnH6zgFQy6CCA4cwggODMIIC7KADAgECAgEAMA0GCSqGSIb3DQEBBQUAMIGOMQswCQYDVQQGEwJVUzELMAkGA1UECBMCQ0ExFjAUBgNVBAcTDU1vdW50YWluIFZpZXcxFDASBgNVBAoTC1BheVBhbCBJbmMuMRMwEQYDVQQLFApsaXZlX2NlcnRzMREwDwYDVQQDFAhsaXZlX2FwaTEcMBoGCSqGSIb3DQEJARYNcmVAcGF5cGFsLmNvbTAeFw0wNDAyMTMxMDEzMTVaFw0zNTAyMTMxMDEzMTVaMIGOMQswCQYDVQQGEwJVUzELMAkGA1UECBMCQ0ExFjAUBgNVBAcTDU1vdW50YWluIFZpZXcxFDASBgNVBAoTC1BheVBhbCBJbmMuMRMwEQYDVQQLFApsaXZlX2NlcnRzMREwDwYDVQQDFAhsaXZlX2FwaTEcMBoGCSqGSIb3DQEJARYNcmVAcGF5cGFsLmNvbTCBnzANBgkqhkiG9w0BAQEFAAOBjQAwgYkCgYEAwUdO3fxEzEtcnI7ZKZL412XvZPugoni7i7D7prCe0AtaHTc97CYgm7NsAtJyxNLixmhLV8pyIEaiHXWAh8fPKW+R017+EmXrr9EaquPmsVvTywAAE1PMNOKqo2kl4Gxiz9zZqIajOm1fZGWcGS0f5JQ2kBqNbvbg2\/Za+GJ\/qwUCAwEAAaOB7jCB6zAdBgNVHQ4EFgQUlp98u8ZvF71ZP1LXChvsENZklGswgbsGA1UdIwSBszCBsIAUlp98u8ZvF71ZP1LXChvsENZklGuhgZSkgZEwgY4xCzAJBgNVBAYTAlVTMQswCQYDVQQIEwJDQTEWMBQGA1UEBxMNTW91bnRhaW4gVmlldzEUMBIGA1UEChMLUGF5UGFsIEluYy4xEzARBgNVBAsUCmxpdmVfY2VydHMxETAPBgNVBAMUCGxpdmVfYXBpMRwwGgYJKoZIhvcNAQkBFg1yZUBwYXlwYWwuY29tggEAMAwGA1UdEwQFMAMBAf8wDQYJKoZIhvcNAQEFBQADgYEAgV86VpqAWuXvX6Oro4qJ1tYVIT5DgWpE692Ag422H7yRIr\/9j\/iKG4Thia\/Oflx4TdL+IFJBAyPK9v6zZNZtBgPBynXb048hsP16l2vi0k5Q2JKiPDsEfBhGI+HnxLXEaUWAcVfCsQFvd2A1sxRr67ip5y2wwBelUecP3AjJ+YcxggGaMIIBlgIBATCBlDCBjjELMAkGA1UEBhMCVVMxCzAJBgNVBAgTAkNBMRYwFAYDVQQHEw1Nb3VudGFpbiBWaWV3MRQwEgYDVQQKEwtQYXlQYWwgSW5jLjETMBEGA1UECxQKbGl2ZV9jZXJ0czERMA8GA1UEAxQIbGl2ZV9hcGkxHDAaBgkqhkiG9w0BCQEWDXJlQHBheXBhbC5jb20CAQAwCQYFKw4DAhoFAKBdMBgGCSqGSIb3DQEJAzELBgkqhkiG9w0BBwEwHAYJKoZIhvcNAQkFMQ8XDTE3MDUxNTE2Mzc0OFowIwYJKoZIhvcNAQkEMRYEFJiX13y0RfbhdN8mhpjvWngtjKs6MA0GCSqGSIb3DQEBAQUABIGAf7hkEs\/cTGBGL26tilNy8EeEoP3wzhe0wGNwWzCCcvWznea0QRHX94W9N1njOcJ\/5X2rhmpXLaBIY\/izD1L9OPaQk+SURkq5XrFv08AbJ4gAO\/v27\/a0KNq7jUC68ZPSfLo5cPMbABWUMMhLpVR91Y6PRib+\/Bin4TFEKeSTVdk=-----END PKCS7----- \"><br \/>\n&nbsp;&nbsp;&nbsp;&nbsp;&nbsp;&nbsp;&nbsp;&nbsp;&nbsp;&nbsp;&nbsp;&nbsp;&nbsp;&nbsp;&nbsp;&nbsp;&nbsp;&nbsp;&nbsp;&nbsp;&nbsp;&nbsp;&nbsp;&nbsp;&nbsp;&nbsp;&nbsp;&nbsp;&nbsp;&nbsp;&nbsp;&nbsp;&nbsp;&nbsp;&nbsp;&nbsp;&nbsp;&nbsp;&nbsp;&nbsp;&nbsp;&nbsp;&nbsp;&nbsp;&nbsp;&nbsp;&nbsp;&nbsp;&nbsp;&nbsp; <input alt=\"PayPal - The safer, easier way to pay online!\" name=\"submit\" src=\"https:\/\/www.paypalobjects.com\/en_US\/i\/btn\/btn_donateCC_LG.gif\" type=\"image\"><br \/>\n<img decoding=\"async\" loading=\"lazy\" src=\"https:\/\/www.paypalobjects.com\/de_DE\/i\/scr\/pixel.gif\" alt=\"\" width=\"1\" height=\"1\" border=\"0\"><\/form>\n<p>&nbsp;<\/p>\n<p>Wenn Sie bei uns \u00fcbernachtet haben \u00fcberweisen sie bitte die Kosten daf\u00fcr auf das Konto der<\/p>\n<p>&#8222;Heike-Schulze-Stiftung&#8220;&nbsp; IBAN DE45 1009 0000 2517 1630 00<\/p>\n<p>&nbsp;<\/p>\n","protected":false},"excerpt":{"rendered":"<p>Sie k\u00f6nnen unsere Arbeit finanziell unterst\u00fctzen. Geben Sie bitte den Zweck Ihrer Zuwendung an (z.B. Kirchenasyl, Fl\u00fcchtlingsarbeit, Gemeinwesenarbeit,&#8230;) Kontodaten der Kommunit\u00e4t: IBAN DE98 1009 0000 3692 1470 05 &nbsp; &nbsp; &nbsp; &nbsp; &nbsp; &nbsp; &nbsp; &nbsp; &nbsp; &nbsp; &nbsp; &nbsp; &nbsp; &nbsp; &nbsp; &nbsp; &nbsp; &nbsp; &nbsp; &nbsp; &nbsp; &nbsp; &nbsp; &nbsp; BIC: BEVODEBB F\u00fcr [&hellip;]<\/p>\n","protected":false},"author":1,"featured_media":0,"parent":0,"menu_order":0,"comment_status":"closed","ping_status":"closed","template":"","meta":{"ngg_post_thumbnail":0,"jetpack_post_was_ever_published":false},"jetpack_sharing_enabled":true,"jetpack_shortlink":"https:\/\/wp.me\/P7N98T-bL","jetpack-related-posts":[{"id":2,"url":"http:\/\/kommunitaet-grimnitz.de\/","url_meta":{"origin":729,"position":0},"title":"Kommunit\u00e4t Grimnitz","date":"21. November 2014","format":false,"excerpt":"Begegnungsort f\u00fcr Frieden durch Gerechtigkeit zur Bewahrung der Sch\u00f6pfung.\u00a0 Wir sind eine kleine, christliche Gemeinschaft im Nordosten von Brandenburg, ca. 70 km von Berlin entfernt. Wir leben am Rande der Stadt Joachimsthal inmitten des Biopsph\u00e4renreservates Schorfheide-Chorin auf dem Gel\u00e4nde einer ehemaligen Oberf\u00f6rsterei, welche im Besitz der Heike-Schulze-Stiftung Alte F\u00f6rsterei Grimnitz\u2026","rel":"","context":"\u00c4hnlicher Beitrag","img":{"alt_text":"","src":"https:\/\/i0.wp.com\/kommunitaet-grimnitz.de\/wp-content\/uploads\/2014\/11\/DSC03019-edit.jpg?resize=350%2C200","width":350,"height":200},"classes":[]},{"id":157,"url":"http:\/\/kommunitaet-grimnitz.de\/?page_id=157","url_meta":{"origin":729,"position":1},"title":"Kontakt und Ihr Weg zu uns","date":"11. Juli 2016","format":false,"excerpt":"Kommunit\u00e4t Grimnitz e.V. Grimnitzer Str. 11 D-16247 Joachimsthal E-mail: info[at]kommunitaet-grimnitz[Punkt]de Auf Instagram: alte_foersterei_grimnitz Wegbeschreibung: Sie erreichen uns von Berlin aus mit der Regionalbahn.\u00a0 Ab Hauptbahnhof den RE3 in Richtung Stralsund oder ab Lichtenberg bis Eberswalde und dann mit der Niederbarnimer Eisenbahngesellschaft (NBE) bis Joachimsthal. Vom Bahnhof Joachimsthal (nicht am Bedarfshalt\u2026","rel":"","context":"\u00c4hnlicher Beitrag","img":{"alt_text":"","src":"","width":0,"height":0},"classes":[]},{"id":827,"url":"http:\/\/kommunitaet-grimnitz.de\/?page_id=827","url_meta":{"origin":729,"position":2},"title":"Angebot: Querfl\u00f6tenmusik zur Beerdigung","date":"16. Januar 2018","format":false,"excerpt":"Querfl\u00f6tenmusik zu Beerdigungen\u00a0\u00a0\u00a0\u00a0\u00a0\u00a0\u00a0\u00a0\u00a0\u00a0 Tr\u00f6stliche Melodien statt l\u00e4hmender Stille im Hintergrund der Beisetzung Ihres Angeh\u00f6rigen. Wenn ein lieber Mensch verstirbt, vermag kaum etwas den Schmerz zu lindern. Doch gerade in schweren Zeiten finden wir manchmal Trost in Melodien, die unser Herz ber\u00fchren - besonders am Grab kann es sch\u00f6n sein, Musik\u2026","rel":"","context":"\u00c4hnlicher Beitrag","img":{"alt_text":"","src":"","width":0,"height":0},"classes":[]}],"_links":{"self":[{"href":"http:\/\/kommunitaet-grimnitz.de\/index.php?rest_route=\/wp\/v2\/pages\/729"}],"collection":[{"href":"http:\/\/kommunitaet-grimnitz.de\/index.php?rest_route=\/wp\/v2\/pages"}],"about":[{"href":"http:\/\/kommunitaet-grimnitz.de\/index.php?rest_route=\/wp\/v2\/types\/page"}],"author":[{"embeddable":true,"href":"http:\/\/kommunitaet-grimnitz.de\/index.php?rest_route=\/wp\/v2\/users\/1"}],"replies":[{"embeddable":true,"href":"http:\/\/kommunitaet-grimnitz.de\/index.php?rest_route=%2Fwp%2Fv2%2Fcomments&post=729"}],"version-history":[{"count":7,"href":"http:\/\/kommunitaet-grimnitz.de\/index.php?rest_route=\/wp\/v2\/pages\/729\/revisions"}],"predecessor-version":[{"id":1213,"href":"http:\/\/kommunitaet-grimnitz.de\/index.php?rest_route=\/wp\/v2\/pages\/729\/revisions\/1213"}],"wp:attachment":[{"href":"http:\/\/kommunitaet-grimnitz.de\/index.php?rest_route=%2Fwp%2Fv2%2Fmedia&parent=729"}],"curies":[{"name":"wp","href":"https:\/\/api.w.org\/{rel}","templated":true}]}}